{"id":21014,"date":"2021-10-06T20:16:31","date_gmt":"2021-10-06T23:16:31","guid":{"rendered":"https:\/\/locomociontv.org\/?page_id=21014"},"modified":"2021-10-06T20:16:31","modified_gmt":"2021-10-06T23:16:31","slug":"prosa-urgente","status":"publish","type":"page","link":"https:\/\/locomociontv.org\/?page_id=21014","title":{"rendered":"Prosa Urgente"},"content":{"rendered":"<ul class=\"has-dates has-excerpts wp-block-rss\"><li class='wp-block-rss__item'><div class='wp-block-rss__item-title'><a href='https:\/\/prosaurgente.blogspot.com\/2026\/04\/mochilas-mochilas-y-mochilas.html'>Mochilas, mochilas y mochilas<\/a><\/div><time datetime=\"2026-04-20T09:18:00-03:00\" class=\"wp-block-rss__item-publish-date\">20\/04\/2026<\/time> <div class=\"wp-block-rss__item-excerpt\">La enorme complejidad multicausal que se esconde detr\u00e1s de los violentos retos virales de la juventud en las escuelas es respondida por el Estado con la banal y peligrosa simplificaci\u00f3n del punitivismo en boga: la prohibici\u00f3n a los pibes de llevar mochilas y la militarizaci\u00f3n de los establecimientos educativos. Para esta corriente todo estudiante es [&hellip;]<\/div><\/li><li class='wp-block-rss__item'><div class='wp-block-rss__item-title'><a href='https:\/\/prosaurgente.blogspot.com\/2026\/01\/preocupacion-en-paso-de-indios-ante.html'>Preocupaci\u00f3n en Paso de Indios ante rumores de modificaci\u00f3n de la Ley 5001 que proh\u00edbe la megaminer\u00eda a cielo abierto<\/a><\/div><time datetime=\"2026-01-06T11:49:00-03:00\" class=\"wp-block-rss__item-publish-date\">06\/01\/2026<\/time> <div class=\"wp-block-rss__item-excerpt\">Aunque el gobernador Ignacio Torres adelant\u00f3 sus intenciones de avanzar exclusivamente con la miner\u00eda de uranio, Piche Resources S.A., la empresa encargada de llevar adelante los trabajos de exploraci\u00f3n en Cerro Chac\u00f3n difundi\u00f3 en su p\u00e1gina oficial la preeminencia de yacimientos de oro sin nombrar al mineral fundamental para la realizaci\u00f3n de la energ\u00eda nuclear. [&hellip;]<\/div><\/li><li class='wp-block-rss__item'><div class='wp-block-rss__item-title'><a href='https:\/\/prosaurgente.blogspot.com\/2025\/12\/mendozazo-en-defensa-del-agua-punto.html'>Mendozazo en defensa del agua a punto caramelo<\/a><\/div><time datetime=\"2025-12-07T20:24:00-03:00\" class=\"wp-block-rss__item-publish-date\">07\/12\/2025<\/time> <div class=\"wp-block-rss__item-excerpt\">\u00a0\u00a0 \u00a0 \u00a0 \u00a0 \u00a0 \u00a0 \u00a0 \u00a0 \u00a0 \u00a0 \u00a0 \u00a0 \u00a0 \u00a0 \u00a0 \u00a0Imagen de Valentina Spalenza\u00a0 Por Iv\u00e1n Mar\u00edn \u00a0 La media sanci\u00f3n de la Legislatura Provincial a un paquete de leyes para avanzar con la megaminer\u00eda reanim\u00f3 una a\u00f1eja tradici\u00f3n mendocina en defensa del agua. La memoria de la rebeli\u00f3n popular [&hellip;]<\/div><\/li><li class='wp-block-rss__item'><div class='wp-block-rss__item-title'><a href='https:\/\/prosaurgente.blogspot.com\/2025\/09\/el-asesinato-de-charlie-kirk-en-eeuu-y.html'>El asesinato de Charlie Kirk en EE.UU. y la posici\u00f3n del marxismo acerca del terrorismo individual seg\u00fan Le\u00f3n Trotsky<\/a><\/div><time datetime=\"2025-09-11T19:36:00-03:00\" class=\"wp-block-rss__item-publish-date\">11\/09\/2025<\/time> <div class=\"wp-block-rss__item-excerpt\">La noticia del asesinato de Charlie Kirk, influencer reaccionario de estrechos lazos pol\u00edticos con el fascista Donald Trump, despert\u00f3 una inmediata simpat\u00eda en importantes franjas del activismo militante de la izquierda y el progresismo a nivel mundial. A continuaci\u00f3n, compartimos 5 art\u00edculos de Le\u00f3n Trotsky polemizando con el terrorismo individual y los l\u00edmites e inconvenientes [&hellip;]<\/div><\/li><li class='wp-block-rss__item'><div class='wp-block-rss__item-title'><a href='https:\/\/prosaurgente.blogspot.com\/2025\/07\/organizaciones-de-derechos-humanos.html'>Organizaciones de derechos humanos apoyan a Noelia Silva en su denuncia a la Comisi\u00f3n contra la Impunidad<\/a><\/div><time datetime=\"2025-07-25T10:10:00-03:00\" class=\"wp-block-rss__item-publish-date\">25\/07\/2025<\/time> <div class=\"wp-block-rss__item-excerpt\">Ayer se conoci\u00f3 un comunicado proveniente del Paralelo 42 en la cordillera chubutense y rionegrina, en la que organizaciones apoyan a los compa\u00f1eros que perdieron el juicio contra la polic\u00eda del Chubut por la represi\u00f3n y torturas sufridas en diciembre de 2019. All\u00ed mismo, entre otras cosas, resaltan la importancia de \u201casumir las cr\u00edticas de [&hellip;]<\/div><\/li><li class='wp-block-rss__item'><div class='wp-block-rss__item-title'><a href='https:\/\/prosaurgente.blogspot.com\/2025\/06\/cronica-y-balance-del-piquete-de.html'>Cr\u00f3nica y balance del piquete de marineros en Ruta 3<\/a><\/div><time datetime=\"2025-06-21T17:14:00-03:00\" class=\"wp-block-rss__item-publish-date\">21\/06\/2025<\/time> <div class=\"wp-block-rss__item-excerpt\">\u201cOlel\u00e9, olal\u00e1, si esto no es la pesca, \u00bfla pesca d\u00f3nde est\u00e1?\u201d. \u201cNo se toca, el convenio no se toca\u201d. \u201cEl que no salta es espa\u00f1ol\u201d. C\u00e1nticos como estos estuvieron presentes durante las casi 4 horas de piquete intermitente en el Acceso Norte a Puerto Madryn, desarrollado durante feriado por el D\u00eda de la Bandera [&hellip;]<\/div><\/li><li class='wp-block-rss__item'><div class='wp-block-rss__item-title'><a href='https:\/\/prosaurgente.blogspot.com\/2025\/06\/marineros-concentran-en-ruta-3-en-el.html'>Marineros concentran en Ruta 3, en el Acceso Norte a Puerto Madryn: eval\u00faan cortarla<\/a><\/div><time datetime=\"2025-06-20T11:52:00-03:00\" class=\"wp-block-rss__item-publish-date\">20\/06\/2025<\/time> <div class=\"wp-block-rss__item-excerpt\">Se manifiestan contra el lockout patronal, el intento unilateral de las empresas de modificar el convenio colectivo de trabajo y la pretensi\u00f3n de reducir un 30% el salario. Exigen volver inmediatamente a trabajar, tras un parate de 9 meses sin cobrar un peso. No descartan cortar la ruta. \u00a0 Por Iv\u00e1n Mar\u00edn\u00a0 Comandados por el [&hellip;]<\/div><\/li><li class='wp-block-rss__item'><div class='wp-block-rss__item-title'><a href='https:\/\/prosaurgente.blogspot.com\/2025\/06\/volvio-fracasar-reunion-de-pesca-y-el.html'>Volvi\u00f3 a fracasar reuni\u00f3n de Pesca y el Madrynazo es inminente<\/a><\/div><time datetime=\"2025-06-18T17:34:00-03:00\" class=\"wp-block-rss__item-publish-date\">18\/06\/2025<\/time> <div class=\"wp-block-rss__item-excerpt\">El encuentro entre las c\u00e1maras empresariales, el SOMU, la secretar\u00eda de Trabajo de naci\u00f3n y los gobiernos de Chubut y Santa Cruz se termin\u00f3 en el momento en que las patronales insistieron con una rebaja salarial del 30%: esta vez propusieron que el valor d\u00f3lar de referencia para la producci\u00f3n pase de $1200 a $850. [&hellip;]<\/div><\/li><li class='wp-block-rss__item'><div class='wp-block-rss__item-title'><a href='https:\/\/prosaurgente.blogspot.com\/2025\/06\/familias-autoconvocadas-de-los.html'>Familias autoconvocadas de los marineros en lucha movilizaron: el madrynazo pesquero a punto de estallar<\/a><\/div><time datetime=\"2025-06-12T22:16:00-03:00\" class=\"wp-block-rss__item-publish-date\">12\/06\/2025<\/time> <div class=\"wp-block-rss__item-excerpt\">M\u00e1s de 500 personas se congregaron en la autoconvocatoria organizada por las familias de los marineros en lucha de Puerto Madryn. Fueron recibidas por el intendente Sastre sin respuestas favorables. Trascendi\u00f3 el rumor que las patronales faltar\u00e1n a la reuni\u00f3n nacional del sector que se llevar\u00e1 adelante este viernes por la ma\u00f1ana. Todo indica que [&hellip;]<\/div><\/li><li class='wp-block-rss__item'><div class='wp-block-rss__item-title'><a href='https:\/\/prosaurgente.blogspot.com\/2025\/06\/madrynazo-la-vista.html'>Madrynazo a la vista<\/a><\/div><time datetime=\"2025-06-09T19:12:00-03:00\" class=\"wp-block-rss__item-publish-date\">09\/06\/2025<\/time> <div class=\"wp-block-rss__item-excerpt\">Las patronales pesqueras no ceden un mil\u00edmetro en su avanzada antiobrera. El gobierno de Ignacio Torres vende humo a trav\u00e9s de los medios de comunicaci\u00f3n y se ve superado por la situaci\u00f3n. La lucha de los marineros amenaza en convertirse en una verdadera rebeli\u00f3n popular y, con ello, sumar al conjunto de la poblaci\u00f3n de [&hellip;]<\/div><\/li><\/ul><div class=\"pdfprnt-buttons pdfprnt-buttons-page pdfprnt-bottom-right\"><a href=\"https:\/\/locomociontv.org\/index.php?rest_route=%2Fwp%2Fv2%2Fpages%2F21014&print=pdf\" class=\"pdfprnt-button pdfprnt-button-pdf\" target=\"_blank\" ><img decoding=\"async\" src=\"https:\/\/locomociontv.org\/wp-content\/plugins\/pdf-print\/images\/pdf.png\" alt=\"image_pdf\" title=\"View PDF\" \/><span class=\"pdfprnt-button-title pdfprnt-button-pdf-title\">Hacer PDF<\/span><\/a><a href=\"https:\/\/locomociontv.org\/index.php?rest_route=%2Fwp%2Fv2%2Fpages%2F21014&print=print\" class=\"pdfprnt-button pdfprnt-button-print\" target=\"_blank\" ><img decoding=\"async\" src=\"https:\/\/locomociontv.org\/wp-content\/plugins\/pdf-print\/images\/print.png\" alt=\"image_print\" title=\"Print Content\" \/><span class=\"pdfprnt-button-title pdfprnt-button-print-title\">Imprimir<\/span><\/a><\/div><p>Views: 0<\/p>","protected":false},"excerpt":{"rendered":"<p> Views: 0<\/p>\n","protected":false},"author":732,"featured_media":21015,"parent":318,"menu_order":0,"comment_status":"closed","ping_status":"closed","template":"","meta":{"footnotes":""},"class_list":["post-21014","page","type-page","status-publish","has-post-thumbnail","hentry","post-bright","has-post-thumb"],"_links":{"self":[{"href":"https:\/\/locomociontv.org\/index.php?rest_route=\/wp\/v2\/pages\/21014","targetHints":{"allow":["GET"]}}],"collection":[{"href":"https:\/\/locomociontv.org\/index.php?rest_route=\/wp\/v2\/pages"}],"about":[{"href":"https:\/\/locomociontv.org\/index.php?rest_route=\/wp\/v2\/types\/page"}],"author":[{"embeddable":true,"href":"https:\/\/locomociontv.org\/index.php?rest_route=\/wp\/v2\/users\/732"}],"replies":[{"embeddable":true,"href":"https:\/\/locomociontv.org\/index.php?rest_route=%2Fwp%2Fv2%2Fcomments&post=21014"}],"version-history":[{"count":2,"href":"https:\/\/locomociontv.org\/index.php?rest_route=\/wp\/v2\/pages\/21014\/revisions"}],"predecessor-version":[{"id":21017,"href":"https:\/\/locomociontv.org\/index.php?rest_route=\/wp\/v2\/pages\/21014\/revisions\/21017"}],"up":[{"embeddable":true,"href":"https:\/\/locomociontv.org\/index.php?rest_route=\/wp\/v2\/pages\/318"}],"wp:featuredmedia":[{"embeddable":true,"href":"https:\/\/locomociontv.org\/index.php?rest_route=\/wp\/v2\/media\/21015"}],"wp:attachment":[{"href":"https:\/\/locomociontv.org\/index.php?rest_route=%2Fwp%2Fv2%2Fmedia&parent=21014"}],"curies":[{"name":"wp","href":"https:\/\/api.w.org\/{rel}","templated":true}]}}

<ul class="has-dates has-excerpts wp-block-rss"><li class='wp-block-rss__item'><div class='wp-block-rss__item-title'><a href='https://prosaurgente.blogspot.com/2026/04/mochilas-mochilas-y-mochilas.html'>Mochilas, mochilas y mochilas</a></div><time datetime="2026-04-20T09:18:00-03:00" class="wp-block-rss__item-publish-date">20/04/2026</time> <div class="wp-block-rss__item-excerpt">La enorme complejidad multicausal que se esconde detrás de los violentos retos virales de la juventud en las escuelas es respondida por el Estado con la banal y peligrosa simplificación del punitivismo en boga: la prohibición a los pibes de llevar mochilas y la militarización de los establecimientos educativos. Para esta corriente todo estudiante es [&hellip;]</div></li><li class='wp-block-rss__item'><div class='wp-block-rss__item-title'><a href='https://prosaurgente.blogspot.com/2026/01/preocupacion-en-paso-de-indios-ante.html'>Preocupación en Paso de Indios ante rumores de modificación de la Ley 5001 que prohíbe la megaminería a cielo abierto</a></div><time datetime="2026-01-06T11:49:00-03:00" class="wp-block-rss__item-publish-date">06/01/2026</time> <div class="wp-block-rss__item-excerpt">Aunque el gobernador Ignacio Torres adelantó sus intenciones de avanzar exclusivamente con la minería de uranio, Piche Resources S.A., la empresa encargada de llevar adelante los trabajos de exploración en Cerro Chacón difundió en su página oficial la preeminencia de yacimientos de oro sin nombrar al mineral fundamental para la realización de la energía nuclear. [&hellip;]</div></li><li class='wp-block-rss__item'><div class='wp-block-rss__item-title'><a href='https://prosaurgente.blogspot.com/2025/12/mendozazo-en-defensa-del-agua-punto.html'>Mendozazo en defensa del agua a punto caramelo</a></div><time datetime="2025-12-07T20:24:00-03:00" class="wp-block-rss__item-publish-date">07/12/2025</time> <div class="wp-block-rss__item-excerpt">                                Imagen de Valentina Spalenza  Por Iván Marín   La media sanción de la Legislatura Provincial a un paquete de leyes para avanzar con la megaminería reanimó una añeja tradición mendocina en defensa del agua. La memoria de la rebelión popular [&hellip;]</div></li><li class='wp-block-rss__item'><div class='wp-block-rss__item-title'><a href='https://prosaurgente.blogspot.com/2025/09/el-asesinato-de-charlie-kirk-en-eeuu-y.html'>El asesinato de Charlie Kirk en EE.UU. y la posición del marxismo acerca del terrorismo individual según León Trotsky</a></div><time datetime="2025-09-11T19:36:00-03:00" class="wp-block-rss__item-publish-date">11/09/2025</time> <div class="wp-block-rss__item-excerpt">La noticia del asesinato de Charlie Kirk, influencer reaccionario de estrechos lazos políticos con el fascista Donald Trump, despertó una inmediata simpatía en importantes franjas del activismo militante de la izquierda y el progresismo a nivel mundial. A continuación, compartimos 5 artículos de León Trotsky polemizando con el terrorismo individual y los límites e inconvenientes [&hellip;]</div></li><li class='wp-block-rss__item'><div class='wp-block-rss__item-title'><a href='https://prosaurgente.blogspot.com/2025/07/organizaciones-de-derechos-humanos.html'>Organizaciones de derechos humanos apoyan a Noelia Silva en su denuncia a la Comisión contra la Impunidad</a></div><time datetime="2025-07-25T10:10:00-03:00" class="wp-block-rss__item-publish-date">25/07/2025</time> <div class="wp-block-rss__item-excerpt">Ayer se conoció un comunicado proveniente del Paralelo 42 en la cordillera chubutense y rionegrina, en la que organizaciones apoyan a los compañeros que perdieron el juicio contra la policía del Chubut por la represión y torturas sufridas en diciembre de 2019. Allí mismo, entre otras cosas, resaltan la importancia de “asumir las críticas de [&hellip;]</div></li><li class='wp-block-rss__item'><div class='wp-block-rss__item-title'><a href='https://prosaurgente.blogspot.com/2025/06/cronica-y-balance-del-piquete-de.html'>Crónica y balance del piquete de marineros en Ruta 3</a></div><time datetime="2025-06-21T17:14:00-03:00" class="wp-block-rss__item-publish-date">21/06/2025</time> <div class="wp-block-rss__item-excerpt">“Olelé, olalá, si esto no es la pesca, ¿la pesca dónde está?”. “No se toca, el convenio no se toca”. “El que no salta es español”. Cánticos como estos estuvieron presentes durante las casi 4 horas de piquete intermitente en el Acceso Norte a Puerto Madryn, desarrollado durante feriado por el Día de la Bandera [&hellip;]</div></li><li class='wp-block-rss__item'><div class='wp-block-rss__item-title'><a href='https://prosaurgente.blogspot.com/2025/06/marineros-concentran-en-ruta-3-en-el.html'>Marineros concentran en Ruta 3, en el Acceso Norte a Puerto Madryn: evalúan cortarla</a></div><time datetime="2025-06-20T11:52:00-03:00" class="wp-block-rss__item-publish-date">20/06/2025</time> <div class="wp-block-rss__item-excerpt">Se manifiestan contra el lockout patronal, el intento unilateral de las empresas de modificar el convenio colectivo de trabajo y la pretensión de reducir un 30% el salario. Exigen volver inmediatamente a trabajar, tras un parate de 9 meses sin cobrar un peso. No descartan cortar la ruta.   Por Iván Marín  Comandados por el [&hellip;]</div></li><li class='wp-block-rss__item'><div class='wp-block-rss__item-title'><a href='https://prosaurgente.blogspot.com/2025/06/volvio-fracasar-reunion-de-pesca-y-el.html'>Volvió a fracasar reunión de Pesca y el Madrynazo es inminente</a></div><time datetime="2025-06-18T17:34:00-03:00" class="wp-block-rss__item-publish-date">18/06/2025</time> <div class="wp-block-rss__item-excerpt">El encuentro entre las cámaras empresariales, el SOMU, la secretaría de Trabajo de nación y los gobiernos de Chubut y Santa Cruz se terminó en el momento en que las patronales insistieron con una rebaja salarial del 30%: esta vez propusieron que el valor dólar de referencia para la producción pase de $1200 a $850. [&hellip;]</div></li><li class='wp-block-rss__item'><div class='wp-block-rss__item-title'><a href='https://prosaurgente.blogspot.com/2025/06/familias-autoconvocadas-de-los.html'>Familias autoconvocadas de los marineros en lucha movilizaron: el madrynazo pesquero a punto de estallar</a></div><time datetime="2025-06-12T22:16:00-03:00" class="wp-block-rss__item-publish-date">12/06/2025</time> <div class="wp-block-rss__item-excerpt">Más de 500 personas se congregaron en la autoconvocatoria organizada por las familias de los marineros en lucha de Puerto Madryn. Fueron recibidas por el intendente Sastre sin respuestas favorables. Trascendió el rumor que las patronales faltarán a la reunión nacional del sector que se llevará adelante este viernes por la mañana. Todo indica que [&hellip;]</div></li><li class='wp-block-rss__item'><div class='wp-block-rss__item-title'><a href='https://prosaurgente.blogspot.com/2025/06/madrynazo-la-vista.html'>Madrynazo a la vista</a></div><time datetime="2025-06-09T19:12:00-03:00" class="wp-block-rss__item-publish-date">09/06/2025</time> <div class="wp-block-rss__item-excerpt">Las patronales pesqueras no ceden un milímetro en su avanzada antiobrera. El gobierno de Ignacio Torres vende humo a través de los medios de comunicación y se ve superado por la situación. La lucha de los marineros amenaza en convertirse en una verdadera rebelión popular y, con ello, sumar al conjunto de la población de [&hellip;]</div></li></ul><div class="pdfprnt-buttons pdfprnt-buttons-page pdfprnt-bottom-right"><a href="https://locomociontv.org/index.php?rest_route=%2Fwp%2Fv2%2Fpages%2F21014&print=pdf" class="pdfprnt-button pdfprnt-button-pdf" target="_blank" ><img decoding="async" src="https://locomociontv.org/wp-content/plugins/pdf-print/images/pdf.png" alt="image_pdf" title="View PDF" /><span class="pdfprnt-button-title pdfprnt-button-pdf-title">Hacer PDF</span></a><a href="https://locomociontv.org/index.php?rest_route=%2Fwp%2Fv2%2Fpages%2F21014&print=print" class="pdfprnt-button pdfprnt-button-print" target="_blank" ><img decoding="async" src="https://locomociontv.org/wp-content/plugins/pdf-print/images/print.png" alt="image_print" title="Print Content" /><span class="pdfprnt-button-title pdfprnt-button-print-title">Imprimir</span></a></div><p>Views: 0</p>
