{"id":13643,"date":"2019-04-17T15:57:35","date_gmt":"2019-04-17T18:57:35","guid":{"rendered":"http:\/\/locomociontv.org\/wp-content\/uploads\/2019\/04\/57072572_10157203754759555_8828961977427558400_n1.png"},"modified":"2019-04-17T16:00:22","modified_gmt":"2019-04-17T19:00:22","slug":"57072572_10157203754759555_8828961977427558400_n1","status":"inherit","type":"attachment","link":"https:\/\/locomociontv.org\/?attachment_id=13643","title":{"rendered":"Optimismo con la gesti\u00f3n en Barcelona"},"author":1,"featured_media":0,"comment_status":"open","ping_status":"closed","template":"","meta":[],"class_list":["post-13643","attachment","type-attachment","status-inherit","hentry","post-bright"],"description":{"rendered":"<p class=\"attachment\"><a href='https:\/\/locomociontv.org\/wp-content\/uploads\/2019\/04\/57072572_10157203754759555_8828961977427558400_n1.png'><img loading=\"lazy\" decoding=\"async\" width=\"300\" height=\"300\" src=\"https:\/\/locomociontv.org\/wp-content\/uploads\/2019\/04\/57072572_10157203754759555_8828961977427558400_n1-300x300.png\" class=\"attachment-medium size-medium\" alt=\"\" srcset=\"https:\/\/locomociontv.org\/wp-content\/uploads\/2019\/04\/57072572_10157203754759555_8828961977427558400_n1-300x300.png 300w, https:\/\/locomociontv.org\/wp-content\/uploads\/2019\/04\/57072572_10157203754759555_8828961977427558400_n1-150x150.png 150w, https:\/\/locomociontv.org\/wp-content\/uploads\/2019\/04\/57072572_10157203754759555_8828961977427558400_n1-768x768.png 768w, https:\/\/locomociontv.org\/wp-content\/uploads\/2019\/04\/57072572_10157203754759555_8828961977427558400_n1.png 960w\" sizes=\"auto, (max-width: 300px) 100vw, 300px\" \/><\/a><\/p>\n<p>Anuncios | Garantizan que hasta fin de a\u00f1o &#8220;no faltar\u00e1n medio lim\u00f3n y un sobrecito de mostaza en la heladera de ning\u00fan argentino&#8221;<\/p>\n<p>Views: 0<\/p>"},"caption":{"rendered":"<p>Barcelona se muestra optimista con la gesti\u00f3n<\/p>\n"},"alt_text":"","media_type":"image","mime_type":"image\/png","media_details":{"width":960,"height":960,"file":"2019\/04\/57072572_10157203754759555_8828961977427558400_n1.png","sizes":{"thumbnail":{"file":"57072572_10157203754759555_8828961977427558400_n1-150x150.png","width":150,"height":150,"mime_type":"image\/png","source_url":"https:\/\/locomociontv.org\/wp-content\/uploads\/2019\/04\/57072572_10157203754759555_8828961977427558400_n1-150x150.png"},"medium":{"file":"57072572_10157203754759555_8828961977427558400_n1-300x300.png","width":300,"height":300,"mime_type":"image\/png","source_url":"https:\/\/locomociontv.org\/wp-content\/uploads\/2019\/04\/57072572_10157203754759555_8828961977427558400_n1-300x300.png"},"medium_large":{"file":"57072572_10157203754759555_8828961977427558400_n1-768x768.png","width":768,"height":768,"mime_type":"image\/png","source_url":"https:\/\/locomociontv.org\/wp-content\/uploads\/2019\/04\/57072572_10157203754759555_8828961977427558400_n1-768x768.png"},"post-thumbnail":{"file":"57072572_10157203754759555_8828961977427558400_n1-960x360.png","width":960,"height":360,"mime_type":"image\/png","source_url":"https:\/\/locomociontv.org\/wp-content\/uploads\/2019\/04\/57072572_10157203754759555_8828961977427558400_n1-960x360.png"},"full":{"file":"57072572_10157203754759555_8828961977427558400_n1.png","width":960,"height":960,"mime_type":"image\/png","source_url":"https:\/\/locomociontv.org\/wp-content\/uploads\/2019\/04\/57072572_10157203754759555_8828961977427558400_n1.png"}},"image_meta":{"aperture":"0","credit":"","camera":"","caption":"","created_timestamp":"0","copyright":"","focal_length":"0","iso":"0","shutter_speed":"0","title":"","orientation":"0","keywords":[]}},"post":null,"source_url":"https:\/\/locomociontv.org\/wp-content\/uploads\/2019\/04\/57072572_10157203754759555_8828961977427558400_n1.png","_links":{"self":[{"href":"https:\/\/locomociontv.org\/index.php?rest_route=\/wp\/v2\/media\/13643","targetHints":{"allow":["GET"]}}],"collection":[{"href":"https:\/\/locomociontv.org\/index.php?rest_route=\/wp\/v2\/media"}],"about":[{"href":"https:\/\/locomociontv.org\/index.php?rest_route=\/wp\/v2\/types\/attachment"}],"author":[{"embeddable":true,"href":"https:\/\/locomociontv.org\/index.php?rest_route=\/wp\/v2\/users\/1"}],"replies":[{"embeddable":true,"href":"https:\/\/locomociontv.org\/index.php?rest_route=%2Fwp%2Fv2%2Fcomments&post=13643"}]}}

Optimismo con la gestión en Barcelona

<p class="attachment"><a href='https://locomociontv.org/wp-content/uploads/2019/04/57072572_10157203754759555_8828961977427558400_n1.png'><img loading="lazy" decoding="async" width="300" height="300" src="https://locomociontv.org/wp-content/uploads/2019/04/57072572_10157203754759555_8828961977427558400_n1-300x300.png" class="attachment-medium size-medium" alt="" srcset="https://locomociontv.org/wp-content/uploads/2019/04/57072572_10157203754759555_8828961977427558400_n1-300x300.png 300w, https://locomociontv.org/wp-content/uploads/2019/04/57072572_10157203754759555_8828961977427558400_n1-150x150.png 150w, https://locomociontv.org/wp-content/uploads/2019/04/57072572_10157203754759555_8828961977427558400_n1-768x768.png 768w, https://locomociontv.org/wp-content/uploads/2019/04/57072572_10157203754759555_8828961977427558400_n1.png 960w" sizes="auto, (max-width: 300px) 100vw, 300px" /></a></p>
<p>Anuncios | Garantizan que hasta fin de año &#8220;no faltarán medio limón y un sobrecito de mostaza en la heladera de ningún argentino&#8221;</p>
<p>Views: 0</p>

<p>Barcelona se muestra optimista con la gestión</p>
